 4*a = -4*z + 272. Is a a multiple of 23?
False
Suppose 0 = 5*x + 5*f + 305, 0 = 5*x - 2*f + 303 + 37. Let o = 129 + x. Is o a multiple of 9?
True
Let i(b) be the second derivative of b**4/3 + b**3/6 - b**2 - b - 41. Let a = 3 - 5. Is i(a) a multiple of 8?
False
Let f(l) = -2*l + 38. Let o be f(18). Let w(h) = 0 - 4 + 3 + 38*h. Does 23 divide w(o)?
False
Let v(l) be the third derivative of 0*l + 7/12*l**4 - 10*l**2 - 1/60*l**5 + 1/3*l**3 + 0. Is v(13) a multiple of 10?
False
Suppose -6*n + v = -2*n - 1449, n + 5*v - 336 = 0. Suppose 0 = -2*p + z + 139, 5*p - z = -3*z + n. Is 9 a factor of p?
False
Suppose 0*p = -3*h + p + 7, 0 = -2*h - p + 3. Suppose -x + 297 = h*x. Is x a multiple of 33?
True
Suppose 0 = 2*l - 0 - 6. Suppose -156 = -3*k + 2*k. Suppose -l*o + k = o. Is 13 a factor of o?
True
Let n(z) = 2*z**2 - z**2 - 12 + 0*z**2 - 6*z. Let b be -9*3/(1 + -4). Is n(b) a multiple of 3?
True
Let i(c) = -58*c - 264. Does 38 divide i(-26)?
False
Let c = 3 - -2. Suppose 4*w = c*m + 18, -5*w = -3*m + m - 14. Suppose 8*b = w*f + 3*b - 27, 3*b = 5*f - 115. Is 13 a factor of f?
True
Let o(b) = -b**2 + b + 7. Let u be o(0). Suppose -3*h + u - 1 = 0. Suppose v = -h*v + 6. Is v even?
True
Suppose 5*l + 4*w = 32, 4*l = 2*l + 5*w - 7. Let b = l - -2. Suppose -g = -b*g + 100. Is g a multiple of 19?
False
Suppose 15360 = 21*q + 11*q. Does 30 divide q?
True
Suppose 0 = -l + 395 + 436. Is 14 a factor of l?
False
Suppose 9 = -3*z + 4*z. Let b(f) = 2*f + 1. Let n be b(z). Let r = n + -11. Is 3 a factor of r?
False
Suppose -23*t = 24*t - 5264. Does 5 divide t?
False
Let r(i) = 122*i - 3. Let a be r(1). Let q = a + -181. Let k = q + 96. Is k a multiple of 10?
False
Suppose -4024 - 991 = -5*v. Does 26 divide v?
False
Suppose -4*k = -5*w - 2617, 0 = -4*w - 13 + 9. Is k a multiple of 40?
False
Let l = 240 - 89. Suppose 5*c - l = 3*d, 0 = 5*c + d + d - 141. Suppose -c = -4*q + 27. Does 14 divide q?
True
Suppose 5*x = 2005 - 290. Does 23 divide x?
False
Is (-2 - 0)*9/6*-115 a multiple of 14?
False
Let t(n) = 16*n + 410. Is 24 a factor of t(22)?
False
Does 11 divide (462/(-56))/(6/(-232))?
True
Let u = 4 + 5. Suppose -u*j + 14*j = 275. Suppose 5*r - 60 - j = 0. Is r a multiple of 16?
False
Suppose 232 + 168 = 4*s. Suppose 3*f + s = 5*f. Does 5 divide f?
True
Suppose -5*j = -3*g - j + 607, -4*g + 768 = 5*j. Let l = 341 - g. Is l a multiple of 9?
True
Suppose c - 135 = -4*n, 2*c + 3*n + n = 270. Let u = 92 + 1. Suppose j - c = -4*j - 5*r, -u = -4*j - r. Is j a multiple of 11?
True
Let k(a) = -a**2 - 7*a - 7. Let c be k(-5). Suppose y - 2*o = o, 0 = -5*y - c*o + 18. Let p = y + 14. Does 4 divide p?
False
Let m = 32 + 18. Let u = m - 13. Let d = u - -49. Is 17 a factor of d?
False
Let c(q) = -12*q + 2. Let x be -4*3/6*5. Let k be (7 - 3)*x/8. Is 14 a factor of c(k)?
False
Let u = 15 - 12. Let m be (6/3 - 2)/u. Does 4 divide (0 + 3 + m)*4?
True
Let m(g) = -1 - 5*g**2 + 9*g**2 - 9 - 5*g. Let k be (-20)/(-70) - (-37)/(-7). Is m(k) a multiple of 35?
False
Suppose 0 = 3*u - 5*u - 10, 5*h = 5*u + 20. Does 20 divide 2 + h/((-1)/93)?
False
Let n(s) = 11*s - 1. Let t be n(-7). Let q = 162 + t. Is q a multiple of 21?
True
Let t(d) = 6*d**2 + 3*d + 7. Let q(n) = 5*n**2 + 3*n + 7. Let f(w) = -7*q(w) + 6*t(w). Is f(8) a multiple of 13?
False
Let l = -281 + 305. Is l a multiple of 3?
True
Let r be (-9)/6*(-284)/6. Let y = r - -63. Suppose 34 = 4*l - y. Does 17 divide l?
False
Suppose -9*s = -134 - 55. Does 28 divide 193/7 - s/(-49)?
True
Let z = -13 + 15. Let p be 6/(-3*z/(-42)). Suppose 5*d - r = p, -4*d + r = -r - 36. Does 7 divide d?
False
Suppose -3*p = -5 - 7, -4*f - 2*p = -188. Let d(k) = -2*k**2 + 3*k - 4. Let y be d(3). Let s = f - y. Does 29 divide s?
True
Does 7 divide (-79)/(-316) - ((-574)/8 - 1)?
False
Let f = 23 + -20. Suppose 6*j - 3*u + 153 = f*j, -u + 155 = -3*j. Is 3/(-4) - 1391/j a multiple of 13?
True
Let r = 34 + 68. Is 7 a factor of r?
False
Suppose 30 = -2*s + 5*s. Is -4*(1 + s/(-4)) even?
True
Let r(w) = 3*w. Let i be (-279)/(-27) - (-4)/6. Does 11 divide r(i)?
True
Suppose -3 = -u + 55. Suppose u = 3*m - 23. Does 9 divide m?
True
Is (6046/18)/(282/2538) a multiple of 18?
False
Suppose 2*r + 4704 = 16*r. Is 24 a factor of r?
True
Let i(w) = -w**3 - 18*w**2 - 15*w + 18. Let o be i(-17). Let f = 80 + o. Is f a multiple of 16?
True
Suppose 4*v + 4*x - 8 = 0, 3*v - 2*x = x + 18. Suppose 2*a - 5*a + 194 = -2*f, 20 = v*f. Is a a multiple of 12?
False
Let s = 4 - 4. Let o(m) = m**3 - 6*m + 2*m**2 + 5*m - 3*m**2 + 13. Does 13 divide o(s)?
True
Let k(h) = h**2 - 11*h + 9. Let z(u) = u**3 - 8*u**2 + 10*u - 9. Let d be z(7). Is k(d) a multiple of 5?
False
Suppose 2*n - 5*o = 30, 0*n + 5*o + 40 = 4*n. Suppose -2 - 6 = 4*t, 0 = -2*a + n*t - 10. Is a/(-35) + 99/21 even?
False
Suppose -2*q - 10 = -5*d + 8, 2*d = q + 8. Suppose 0*j - 5*n = 3*j - 116, 4*n = -d*j + 74. Is 5 a factor of j?
False
Suppose w + 1621 = 5*w - 3*x, 3*x - 15 = 0. Is w a multiple of 70?
False
Let q(m) = -6*m - 22. Let f be q(-17). Let r = f - 52. Is 8 a factor of r?
False
Is 5 a factor of (5 + (-174)/(-18))/((-1)/(-9))?
False
Let n(z) = -z - 1. Let m be n(-10). Suppose -5*k + 4*y - m = 1, 0 = 2*k + y - 9. Suppose 102 = k*s + 2*j, j = -s + 4*j + 35. Is 10 a factor of s?
False
Let n be 4/(-6)*(-12)/2. Let m be 1 - n - (-31 + 4). Let j = m - -5. Is j a multiple of 16?
False
Let w(v) = -140*v**2 - v + 1. Let u be w(1). Let m = 218 + u. Is 12 a factor of m?
False
Suppose 0 = 8*m - 29 - 11. Suppose 0 = m*f - 15, 2*j + 2*j + 4*f = 144. Is j a multiple of 11?
True
Let o be -5 + 1 + 122 + 20/4. Suppose -4*j + 309 + o = 0. Does 27 divide j?
True
Let a(g) = 3*g**2 + 31*g - 122. Is 4 a factor of a(10)?
True
Let h(y) be the second derivative of -y**5/20 + 13*y**4/12 + y**3/2 + 10*y**2 + 10*y. Is 10 a factor of h(12)?
True
Let h(x) = -x**3 - 13*x**2 - 2*x + 30. Is h(-15) a multiple of 51?
True
Let b(m) = m**3 - 2*m**2 - 9. Let v be b(4). Suppose 0 = v*s - 19*s - 116. Is 7 a factor of s?
False
Let y be (-3 - (1 - 4))/(-2). Is 10 a factor of -60*(y - (-2)/(-3))?
True
Suppose -l + 2 = -2. Suppose -5*c = 2*u - 482, 4*u - 386 = -l*c + 2*u. Is c a multiple of 24?
True
Let d be -88*(-1 - (-3 - -1)). Let y be 6/2*4/3 - 6. Is ((-1)/(-2))/(y/d) a multiple of 9?
False
Let v = -630 + 945. Does 5 divide v?
True
Let n = 379 + -227. Is n a multiple of 38?
True
Let d be 12/(-30) - 27/(-5). Suppose 0 = d*j + 2*m - 244, 2*j + 52 = 3*j + 2*m. Is j a multiple of 8?
True
Suppose 3*t + 5 = 4*a - 6, -3*t + 9 = 0. Is ((-294)/(-2))/((-7)/2 + a) a multiple of 25?
False
Let p(q) = 3*q - 15. Let v(s) = -6*s + 30. Let l(z) = 9*p(z) + 4*v(z). Is l(12) even?
False
Is 11 a factor of ((-1)/(-4))/(7 + (-27855)/3980)?
False
Suppose 8*x = -5*x + 15834. Is x a multiple of 58?
True
Let g be (-42)/(-18) - 1/3. Is ((-207)/6 + g)*-2 a multiple of 14?
False
Let a(y) = 2807*y**2 - 8*y + 9. Is a(1) a multiple of 117?
True
Let w be (-1835)/(-10) + 3/(-2). Suppose 0 = 5*p - 198 - w. Does 19 divide p?
True
Let k = 19 - -35. Is k a multiple of 9?
True
Let h(a) = -a - 1. Let w be h(-3). Suppose -27 = -3*i + s - 11, 0 = i + 4*s + 12. Suppose 0 = 5*p + i*c - 242, -w*c = -7*p + 2*p + 224. Does 14 divide p?
False
Let v(b) = 2*b**2 + 11*b - 17. Let d be v(7). Suppose 190 = 5*j - 5*k, -3*j - 2*k = -7*j + d. Is 31 a factor of j?
False
Suppose 6922 = 3*h + 4*p - 6372, -4*p - 8856 = -2*h. Does 36 divide h?
False
Is ((-2)/(-14))/((-41)/(-220703)) a multiple of 4?
False
Suppose -5*t + 5*x - 4*x - 626 = 0, 4*t + 520 = -4*x. Let j = t + 196. Is j a multiple of 10?
True
Let s be ((-680)/35)/4*-7. Let z = s - 24. Does 10 divide z?
True
Is 52 a factor of 361 + 9/(-6)*-2?
True
Let p(z) = -5*z + 5. Let a be p(7). Let m = 24 + a. Is (228/8)/((-3)/m) a multiple of 19?
True
Suppose 16 = -o - 3*o. Let v(j) = -j**3 - 6*j**2 - 8*j + 5. Is v(o) a multiple of 2?
False
Suppose -4*t = -3*v - v + 16, 3*v + 4*t = 19. Suppose q - 3*q + v*j + 148 = 0, 4*q - 4*j = 284. Is 44 a factor of q?
False
Let p = 719 + 21. Is 10 a factor of p?
True
Let j(o) = -2*o**2 + 32*o - 11. Does 3 divide j(12)?
False
Suppose 0 = 2*x + 2*m - 34, 3*x - 73 = m - 26. Let h(i) = 3*i - 39. Does 3 divide h(x)?
True
Let x(g) = g**3 - 3*g**2 + 4*g - 2. Let d be x(2). Suppose -3*p + 4 = -f - 0, d*f + 3*p - 19 = 0. Suppose -7 = f